 t**2 + 2*t + 1. Let h be s(-1). Let k = h - 57. Calculate the greatest common factor of 15 and k.
5
Suppose 658 = 40*a - 6902. Calculate the highest common divisor of 28 and a.
7
Let j = -8 + 2. Let o(i) = -4*i - 1. Let l be o(j). Suppose 0 = -g - 36 + 59. What is the highest common factor of l and g?
23
Suppose -7*a + 0 = 7. Let o be (-5 + a)*1/(-2). Suppose -3*m = -3, n - 3 - o = 2*m. What is the highest common divisor of 8 and n?
8
Suppose 9*w - 27 = -0. What is the greatest common factor of w and 39?
3
Let s(r) = r**3 + 5*r**2 + r + 4. Let o be s(-4). Let n(a) = 3*a**2 - 5*a**2 + 4*a**2 - 7*a + 1. Let u be n(5). Calculate the greatest common factor of u and o.
16
Suppose -36*m + 3936 = -12*m. What is the greatest common factor of m and 8?
4
Suppose 3*o - 29 = -2*l, o - 43 = l - 5*l. Suppose -3*b = -l*b + 7. What is the highest common divisor of 17 and b?
1
Let l = 8 - 7. Let b be (28/70)/(l/90). What is the greatest common divisor of 9 and b?
9
Suppose 2*f + f - 36 = -4*h, -5*f + 4*h = -60. Let b = -8566 - -8596. What is the greatest common factor of b and f?
6
Suppose n - 6 = -2*n, 4*n + 2007 = 5*s. Calculate the greatest common factor of 26 and s.
13
Let l(s) = 2*s**3 + 4*s + 10*s**2 - 25 + 3*s**3 - 6*s**3 + 1. Let q be l(10). Calculate the greatest common divisor of q and 48.
16
Let k(c) = 49*c**2 + 2*c + 1. Let j be k(-1). What is the greatest common factor of 208 and j?
16
Let d = -848 + 914. What is the greatest common divisor of d and 264?
66
Let z(f) = -32*f - 27. Let i be z(-15). What is the greatest common divisor of i and 3?
3
Let h = 67 + -64. Suppose -4*z + n = -26, h*n = 2*z - 2*n - 22. Calculate the highest common factor of z and 15.
3
Let w(d) = d**2 + 34*d + 112. Let u be w(-32). Calculate the highest common divisor of u and 28.
4
Let o(c) be the second derivative of -c**4/12 - 4*c**3/3 - 7*c**2/2 + 4*c. Let d be o(-6). Suppose 138 + 37 = d*r. What is the highest common factor of 7 and r?
7
Let n = -86 + 108. Let g(l) = 18*l - 3. Let x be g(2). What is the highest common factor of x and n?
11
Let m = 48 + -69. Let n = 27 + m. What is the greatest common divisor of n and 12?
6
Let a = -26 - -31. Suppose -v + 4*d + 100 = 17, -2*v = -a*d - 151. Calculate the highest common factor of v and 9.
9
Suppose 0*d + 3*l = -4*d + 334, 338 = 4*d + l. Calculate the greatest common divisor of 17 and d.
17
Suppose -1026 = -4*t - 10*a + 8*a, -3*t + 797 = -4*a. Calculate the highest common factor of t and 7.
7
Suppose 0 = 2*d, -5*u + 4*d - 7*d - 5 = 0. Let c be u*(-4 + 4) - -63. Calculate the greatest common divisor of 7 and c.
7
Let b be (-3)/(-18)*-4 - 704/(-12). What is the greatest common divisor of 58 and b?
58
Suppose 0 = -3*j - 2*w + 7 + 30, -4*w - 25 = -3*j. Let g(o) = o**2 - 10*o. Let u be g(j). What is the highest common factor of u and 121?
11
Let b = 1474 + -718. What is the greatest common divisor of 42 and b?
42
Let w = -11 + 9. Let z be 1 - 3 - w - -189. Let m = 29 + -8. What is the highest common factor of z and m?
21
Suppose 0*m - 3*m = -15, -5*j - 2*m + 2005 = 0. Calculate the greatest common factor of j and 63.
21
Let s be (-130)/4*(-4)/2. Let w = -83 + 96. What is the highest common divisor of w and s?
13
Let f be (1/(-2))/((-3)/6). Let z(t) = 5*t + f + 2*t + 2. Let m be z(6). Calculate the greatest common factor of m and 15.
15
Suppose -7*s + 12*s = 0. Let b be -23*(-1 - (0 + s)). Let r(t) = 185*t**2 + 2*t + 1. Let g be r(-1). Calculate the greatest common factor of g and b.
23
Suppose 3*w - 6 = -3*b, 16 = -6*w + 2*w. Let x = -13 + b. Let h be (-28 + 0)*(x + 5). What is the highest common divisor of 7 and h?
7
Suppose -5*m + 2*s = -3*s + 5, s + 7 = 5*m. Let i be (-4)/12*(m - (2 + 3)). What is the highest common factor of i and 5?
1
Let c(v) = 2*v**3 - 14*v**2 + 9*v - 73. Let b be c(7). Let m = 8 - 18. Let f be (-836)/m - 4/b. Calculate the greatest common divisor of 12 and f.
12
Let f be (-6336)/(-20) - -1 - (-3)/15. What is the greatest common divisor of f and 12?
6
Let v(f) = f**2 - 12*f - 6. Let i be v(13). Suppose i*y - 2*y = 105. Calculate the highest common divisor of 84 and y.
21
Let p(u) = u**3 - 5*u**2 + 1. Let o be p(5). Let r = o - -4. Let d = r + 25. What is the highest common divisor of 12 and d?
6
Suppose -1459 = -6*u - 1381. Let d(b) = 2*b. Let w be d(-4). Let i = u + w. What is the greatest common factor of 2 and i?
1
Let n = 85 + 67. Calculate the greatest common factor of n and 114.
38
Suppose -o + 228 = -5*o. Let p = o + 62. What is the greatest common divisor of p and 2?
1
Suppose 3*r + 0*j = -j + 696, 0 = -j + 3. Let m = -20 + -24. Let h = m + 65. What is the highest common divisor of h and r?
21
Let g = -15 - -23. Suppose -g*v + 105 = -5*v. Suppose 2*i + 5*z = 23, 3*i - 22 = -3*z + v. What is the greatest common divisor of i and 48?
24
Suppose 5*s = -4*i + 6*i - 153, -4*s - 20 = 0. Calculate the highest common divisor of 320 and i.
64
Suppose 400 = -0*i + 2*i. Suppose 2*v = -3*v + i. What is the greatest common divisor of v and 5?
5
Let z(g) = 206*g**3 - 1. Let u be z(1). What is the highest common factor of 82 and u?
41
Let t(d) = 4*d**2 - 32*d + 40. Let x be t(20). Calculate the highest common divisor of 10 and x.
10
Suppose -22*o = 170 - 588. What is the greatest common factor of o and 209?
19
Suppose -2*k = k - 216. Suppose -k = -2*x - 2*x. Calculate the greatest common divisor of 9 and x.
9
Let v(p) = 6*p + 6. Let b be v(5). Let h be -4*(4 + (-50)/16)*6. Let a = h + b. What is the highest common factor of a and 10?
5
Suppose 0 = 2*p + a - 976 - 428, 0 = -2*p + 3*a + 1412. What is the greatest common divisor of p and 111?
37
Let v = 13 - 6. Let r be 3/9 + (-100)/(-6). Suppose 0 = 23*a - r*a - 168. Calculate the highest common factor of v and a.
7
Let m be 183*1/3*3. Suppose 6*d - 7*d = m. Let j = d - -271. What is the greatest common factor of j and 8?
8
Let j be 7 + -3 - (-10)/2. What is the greatest common factor of 1 and j?
1
Suppose 78*r - 40*r = 4180. Calculate the highest common divisor of r and 230.
10
Suppose -63 + 20 = -5*c - d, 4 = -c + 4*d. Let b(z) = z**2 + 3*z + 6. Let f be b(-6). Let g = f + -16. Calculate the highest common divisor of c and g.
8
Suppose 2*i + 3*i - 20 = 0. Suppose p + i*h + 0 = -1, 0 = 3*p + h - 41. Calculate the highest common divisor of p and 120.
15
Let h = -15 + 19. Suppose 0 = -4*a + 2*l + 316, -3*a = h*l - 182 - 44. Calculate the highest common factor of 26 and a.
26
Let x = 56 - -24. Suppose -4*n = -9*z + 14*z - 21, -4*n + 20 = 4*z. Suppose -n*s + 30 = -s. Calculate the highest common factor of s and x.
10
Suppose 237 + 375 = 6*g. Suppose 0 = o + 2*o - 51. What is the highest common divisor of o and g?
17
Let h(w) = -39*w + 19. Let a be h(-6). Let s = a - 172. Calculate the greatest common divisor of s and 27.
27
Let d be (-3*26/(-15))/(4/(-20)). Let f = 30 + d. What is the highest common divisor of 64 and f?
4
Let h = 19 + 9. Let f = -12 - -33. Calculate the greatest common divisor of h and f.
7
Let a(x) = -x**2 - 24*x - 44. Let g be a(-20). Calculate the greatest common factor of g and 4.
4
Let s(o) = -35*o - 10. Let l be s(-12). Let h be 26/39 + l/6. What is the highest common divisor of 23 and h?
23
Let k = -8 + 13. Let l(a) = 2*a - 13. Let s be l(k). Let m be (2*s)/((-10)/105). What is the highest common factor of m and 7?
7
Suppose 10 = 2*w + 2*n + 2*n, 4*n - 40 = 4*w. Let b(c) = -2*c - 2. Let q be b(w). Let x = q + 2. What is the highest common divisor of x and 2?
2
Let w be (-25 - -22)/(3/(-90)). What is the greatest common factor of 45 and w?
45
Let c(i) = -17*i + 198. Let m be c(0). What is the greatest common factor of m and 18?
18
Suppose 0 = 11*g - 1349 + 590. What is the highest common divisor of g and 759?
69
Let y be (-6)/(-8) + (-102)/8. Let i = 5 + y. Let c = -3 - i. Calculate the greatest common divisor of 36 and c.
4
Let m be 3/(-18)*3 - (-1208)/16. What is the greatest common divisor of m and 100?
25
Let j be (-3)/2*16/(-6). Let u be ((-6)/j)/(3/8). Let c(x) = -2*x - 2. Let q be c(u). What is the highest common factor of 2 and q?
2
Suppose -2*v + 320 = 5*y, 232 - 73 = v + 3*y. What is the greatest common divisor of v and 195?
15
Let f be -1 - 1*(-1 - 1). Let v = -12 - -16. Let a = -1 + v. What is the highest common factor of a and